{"id":255,"date":"2016-05-23T10:02:07","date_gmt":"2016-05-23T08:02:07","guid":{"rendered":"http:\/\/mybreathmymusic.com\/?page_id=255"},"modified":"2021-03-29T21:56:15","modified_gmt":"2021-03-29T19:56:15","slug":"tour-2011","status":"publish","type":"page","link":"https:\/\/mybreathmymusic.com\/en\/tour-2011","title":{"rendered":"tour-2011"},"content":{"rendered":"<p><img loading=\"lazy\" decoding=\"async\" class=\"alignnone size-full wp-image-151\" src=\"\/wp-content\/uploads\/2016\/04\/tshirt.gif\" alt=\"tshirt\" width=\"600\" height=\"268\" \/><\/p>\n<table>\n<tbody>\n<tr valign=\"top\">\n<td>16 t\/m 18 Maart<\/td>\n<td><strong>ICT en Zorg, Jaarbeurs Utrecht &#8211; Nederland<\/strong><\/td>\n<\/tr>\n<tr valign=\"top\">\n<td>13 April<\/td>\n<td><strong><a href=\"http:\/\/www.ipon.nl\/bezoekers\/\" target=\"_blank\" rel=\"noopener\">IPON2011 onderwijs in de 21e eeuw<\/a>, Jaarbeurs Utrecht &#8211; Nederland<\/strong><\/td>\n<\/tr>\n<tr valign=\"top\">\n<td>15 April<\/td>\n<td><strong>Investigate, Participate and Celebrate &#8211; Assistive Technology in Music Education, Cork &#8211; Ierland<\/strong><\/td>\n<\/tr>\n<tr valign=\"top\">\n<td>5 t\/m 7 Mei<\/td>\n<td><strong><a href=\"http:\/\/www.reva.be\/reva2010\/over-reva.asp?lang=nl\" target=\"_blank\" rel=\"noopener\">Reva 2011<\/a>, Gent &#8211; Belgi\u00eb<\/strong><\/td>\n<\/tr>\n<tr valign=\"top\">\n<td>13 Mei<\/td>\n<td><strong><a href=\"http:\/\/www.popcornerbreda.nl\/\" target=\"_blank\" rel=\"noopener\">Popcorner Breda<\/a>, (Caf\u00e9\u00e9 Beatrix, NAC stadion) Breda &#8211; Nederland<\/strong><\/td>\n<\/tr>\n<tr valign=\"top\">\n<td>20 Mei<\/td>\n<td><strong><a href=\"http:\/\/www.mytylschoolutrecht.nl\/\" target=\"_blank\" rel=\"noopener\">Magic Flute spreekuur Mytylschool<\/a>, Utrecht &#8211; Nederland<\/strong><\/td>\n<\/tr>\n<tr valign=\"top\">\n<td>13 t\/m 17 Juni<\/td>\n<td><strong>SKUGCENTRE uit Norwegen bezoekt My Breath My Music<\/strong><\/td>\n<\/tr>\n<tr valign=\"top\">\n<td>20 Juni<\/td>\n<td><strong>Kinderrevalidatieartsen, nascholing &#8211; Hilversum<\/strong><\/td>\n<\/tr>\n<tr valign=\"top\">\n<td>20 Juni<\/td>\n<td><strong>Kinderrevalidatieartsenscholing, Hilversum &#8211; Nederland<\/strong><\/td>\n<\/tr>\n<tr valign=\"top\">\n<td>21 Juni<\/td>\n<td><strong><a href=\"http:\/\/www.rijndam.nl\/\" target=\"_blank\" rel=\"noopener\">workshop Rijndam Revalidatiecentrum<\/a>, Rotterdam &#8211; Nederland<\/strong><\/td>\n<\/tr>\n<tr valign=\"top\">\n<td>27 Augustus<\/td>\n<td><strong><a href=\"http:\/\/www.tros.nl\/tros-tips\/cappies\/\" target=\"_blank\" rel=\"noopener\">TV uitzending Cappies award 2011<\/a>, Bloemendaal &#8211; Nederland<\/strong><\/td>\n<\/tr>\n<tr valign=\"top\">\n<td>4 September<\/td>\n<td><strong><a href=\"http:\/\/www.sailwise.nl\/\" target=\"_blank\" rel=\"noopener\">Sailwise VSN zeilweekend<\/a>, Oud Loosdrecht &#8211; Nederland<\/strong><\/td>\n<\/tr>\n<tr valign=\"top\">\n<td>13 September<\/td>\n<td><strong><a href=\"http:\/\/www.gemiva-svg.nl\/\" target=\"_blank\" rel=\"noopener\">Magic Flute spreekuur Activiteitencentrum<\/a>, Spijkenisse &#8211; Nederland<\/strong><\/td>\n<\/tr>\n<tr valign=\"top\">\n<td>21 t\/m 24 September<\/td>\n<td><strong><a href=\"http:\/\/www.rehacare.com\/\" target=\"_blank\" rel=\"noopener\">Rehacare Beurs<\/a>, D\u00fcsseldorf &#8211; Duitsland<\/strong><\/td>\n<\/tr>\n<tr valign=\"top\">\n<td>30 September<\/td>\n<td><strong><a href=\"http:\/\/www.adelante-zorggroep.nl\/\" target=\"_blank\" rel=\"noopener\">Magic Flute spreekuur Adelante<\/a>, Valkenburg a\/d Geul &#8211; Nederland<\/strong><\/td>\n<\/tr>\n<tr valign=\"top\">\n<td>15 November<\/td>\n<td><strong><a href=\"http:\/\/heliomareonderwijs.heliomare.nl\/\" target=\"_blank\" rel=\"noopener\">symposium &#8216;Leve(n)de muziek&#8217;<\/a>, Wijk aan Zee &#8211; Nederland<\/strong><\/td>\n<\/tr>\n<tr valign=\"top\">\n<td>17\u00a0November<\/td>\n<td><strong><a href=\"http:\/\/www.mytylschoolutrecht.nl\/\" target=\"_blank\" rel=\"noopener\">Mytylschool informatiemarkt<\/a>, Blauwe Vogelweg 11 Utrecht &#8211; Nederland<\/strong><\/td>\n<\/tr>\n<tr valign=\"top\">\n<td>29 November<\/td>\n<td><strong><a href=\"http:\/\/www.destentor.nl\/regio\/zwolle\/9972465\/Drummen-en-saxofoon-spelen-met-de-mond.ece?fb_xd_fragment\" target=\"_blank\" rel=\"noopener\">diverse muziekworkshop voor kinderen en behandelaren<\/a>, Vogellanden Zwolle &#8211; Nederland<\/strong><\/td>\n<\/tr>\n<\/tbody>\n<\/table>\n<p><\/p>","protected":false},"excerpt":{"rendered":"<p>16 t\/m 18 Maart ICT en Zorg, Jaarbeurs Utrecht &#8211; Nederland 13 April IPON2011 onderwijs in de 21e eeuw, Jaarbeurs Utrecht &#8211; Nederland 15 April Investigate, Participate and Celebrate &#8211; Assistive Technology in Music Education, Cork &#8211; Ierland 5 t\/m 7 Mei Reva 2011, Gent &#8211; Belgi\u00eb 13 Mei Popcorner Breda, (Caf\u00e9\u00e9 Beatrix, NAC stadion) [&hellip;]<\/p>\n","protected":false},"author":7,"featured_media":0,"parent":0,"menu_order":0,"comment_status":"closed","ping_status":"closed","template":"","meta":{"_exactmetrics_skip_tracking":false,"_exactmetrics_sitenote_active":false,"_exactmetrics_sitenote_note":"","_exactmetrics_sitenote_category":0,"footnotes":""},"categories":[],"tags":[],"class_list":["post-255","page","type-page","status-publish","hentry"],"yoast_head":"<!-- This site is optimized with the Yoast SEO plugin v26.5 - https:\/\/yoast.com\/wordpress\/plugins\/seo\/ -->\n<title>tour-2011 | My Breath My Music<\/title>\n<meta name=\"robots\" content=\"index, follow, max-snippet:-1, max-image-preview:large, max-video-preview:-1\" \/>\n<link rel=\"canonical\" href=\"https:\/\/mybreathmymusic.com\/en\/tour-2011\" \/>\n<meta property=\"og:locale\" content=\"en_US\" \/>\n<meta property=\"og:type\" content=\"article\" \/>\n<meta property=\"og:title\" content=\"tour-2011 | My Breath My Music\" \/>\n<meta property=\"og:description\" content=\"16 t\/m 18 Maart ICT en Zorg, Jaarbeurs Utrecht &#8211; Nederland 13 April IPON2011 onderwijs in de 21e eeuw, Jaarbeurs Utrecht &#8211; Nederland 15 April Investigate, Participate and Celebrate &#8211; Assistive Technology in Music Education, Cork &#8211; Ierland 5 t\/m 7 Mei Reva 2011, Gent &#8211; Belgi\u00eb 13 Mei Popcorner Breda, (Caf\u00e9\u00e9 Beatrix, NAC stadion) [&hellip;]\" \/>\n<meta property=\"og:url\" content=\"https:\/\/mybreathmymusic.com\/en\/tour-2011\" \/>\n<meta property=\"og:site_name\" content=\"My Breath My Music\" \/>\n<meta property=\"article:publisher\" content=\"https:\/\/www.facebook.com\/MyBreathMyMusic\/\" \/>\n<meta property=\"article:modified_time\" content=\"2021-03-29T19:56:15+00:00\" \/>\n<meta property=\"og:image\" content=\"https:\/\/mybreathmymusic.com\/wp-content\/uploads\/2016\/04\/tshirt.gif\" \/>\n<meta name=\"twitter:card\" content=\"summary_large_image\" \/>\n<meta name=\"twitter:label1\" content=\"Est. reading time\" \/>\n\t<meta name=\"twitter:data1\" content=\"2 minutes\" \/>\n<script type=\"application\/ld+json\" class=\"yoast-schema-graph\">{\"@context\":\"https:\/\/schema.org\",\"@graph\":[{\"@type\":\"WebPage\",\"@id\":\"https:\/\/mybreathmymusic.com\/en\/tour-2011\",\"url\":\"https:\/\/mybreathmymusic.com\/en\/tour-2011\",\"name\":\"tour-2011 | My Breath My Music\",\"isPartOf\":{\"@id\":\"https:\/\/mybreathmymusic.com\/en\/#website\"},\"datePublished\":\"2016-05-23T08:02:07+00:00\",\"dateModified\":\"2021-03-29T19:56:15+00:00\",\"breadcrumb\":{\"@id\":\"https:\/\/mybreathmymusic.com\/en\/tour-2011#breadcrumb\"},\"inLanguage\":\"en-US\",\"potentialAction\":[{\"@type\":\"ReadAction\",\"target\":[\"https:\/\/mybreathmymusic.com\/en\/tour-2011\"]}]},{\"@type\":\"BreadcrumbList\",\"@id\":\"https:\/\/mybreathmymusic.com\/en\/tour-2011#breadcrumb\",\"itemListElement\":[{\"@type\":\"ListItem\",\"position\":1,\"name\":\"Home\",\"item\":\"https:\/\/mybreathmymusic.com\/\"},{\"@type\":\"ListItem\",\"position\":2,\"name\":\"tour-2011\"}]},{\"@type\":\"WebSite\",\"@id\":\"https:\/\/mybreathmymusic.com\/en\/#website\",\"url\":\"https:\/\/mybreathmymusic.com\/en\/\",\"name\":\"My Breath My Music -*- Stichting\",\"description\":\"Muziekinstrumenten voor kinderen met een beperking\",\"publisher\":{\"@id\":\"https:\/\/mybreathmymusic.com\/en\/#organization\"},\"potentialAction\":[{\"@type\":\"SearchAction\",\"target\":{\"@type\":\"EntryPoint\",\"urlTemplate\":\"https:\/\/mybreathmymusic.com\/en\/?s={search_term_string}\"},\"query-input\":{\"@type\":\"PropertyValueSpecification\",\"valueRequired\":true,\"valueName\":\"search_term_string\"}}],\"inLanguage\":\"en-US\"},{\"@type\":\"Organization\",\"@id\":\"https:\/\/mybreathmymusic.com\/en\/#organization\",\"name\":\"Stichting My Breath My Music\",\"url\":\"https:\/\/mybreathmymusic.com\/en\/\",\"logo\":{\"@type\":\"ImageObject\",\"inLanguage\":\"en-US\",\"@id\":\"https:\/\/mybreathmymusic.com\/en\/#\/schema\/logo\/image\/\",\"url\":\"https:\/\/mybreathmymusic.com\/wp-content\/uploads\/2016\/04\/logo_mbmm.gif\",\"contentUrl\":\"https:\/\/mybreathmymusic.com\/wp-content\/uploads\/2016\/04\/logo_mbmm.gif\",\"width\":250,\"height\":84,\"caption\":\"Stichting My Breath My Music\"},\"image\":{\"@id\":\"https:\/\/mybreathmymusic.com\/en\/#\/schema\/logo\/image\/\"},\"sameAs\":[\"https:\/\/www.facebook.com\/MyBreathMyMusic\/\"]}]}<\/script>\n<!-- \/ Yoast SEO plugin. -->","yoast_head_json":{"title":"tour-2011 | My Breath My Music","robots":{"index":"index","follow":"follow","max-snippet":"max-snippet:-1","max-image-preview":"max-image-preview:large","max-video-preview":"max-video-preview:-1"},"canonical":"https:\/\/mybreathmymusic.com\/en\/tour-2011","og_locale":"en_US","og_type":"article","og_title":"tour-2011 | My Breath My Music","og_description":"16 t\/m 18 Maart ICT en Zorg, Jaarbeurs Utrecht &#8211; Nederland 13 April IPON2011 onderwijs in de 21e eeuw, Jaarbeurs Utrecht &#8211; Nederland 15 April Investigate, Participate and Celebrate &#8211; Assistive Technology in Music Education, Cork &#8211; Ierland 5 t\/m 7 Mei Reva 2011, Gent &#8211; Belgi\u00eb 13 Mei Popcorner Breda, (Caf\u00e9\u00e9 Beatrix, NAC stadion) [&hellip;]","og_url":"https:\/\/mybreathmymusic.com\/en\/tour-2011","og_site_name":"My Breath My Music","article_publisher":"https:\/\/www.facebook.com\/MyBreathMyMusic\/","article_modified_time":"2021-03-29T19:56:15+00:00","og_image":[{"url":"https:\/\/mybreathmymusic.com\/wp-content\/uploads\/2016\/04\/tshirt.gif","type":"","width":"","height":""}],"twitter_card":"summary_large_image","twitter_misc":{"Est. reading time":"2 minutes"},"schema":{"@context":"https:\/\/schema.org","@graph":[{"@type":"WebPage","@id":"https:\/\/mybreathmymusic.com\/en\/tour-2011","url":"https:\/\/mybreathmymusic.com\/en\/tour-2011","name":"tour-2011 | My Breath My Music","isPartOf":{"@id":"https:\/\/mybreathmymusic.com\/en\/#website"},"datePublished":"2016-05-23T08:02:07+00:00","dateModified":"2021-03-29T19:56:15+00:00","breadcrumb":{"@id":"https:\/\/mybreathmymusic.com\/en\/tour-2011#breadcrumb"},"inLanguage":"en-US","potentialAction":[{"@type":"ReadAction","target":["https:\/\/mybreathmymusic.com\/en\/tour-2011"]}]},{"@type":"BreadcrumbList","@id":"https:\/\/mybreathmymusic.com\/en\/tour-2011#breadcrumb","itemListElement":[{"@type":"ListItem","position":1,"name":"Home","item":"https:\/\/mybreathmymusic.com\/"},{"@type":"ListItem","position":2,"name":"tour-2011"}]},{"@type":"WebSite","@id":"https:\/\/mybreathmymusic.com\/en\/#website","url":"https:\/\/mybreathmymusic.com\/en\/","name":"My Breath My Music -*- Stichting","description":"Muziekinstrumenten voor kinderen met een beperking","publisher":{"@id":"https:\/\/mybreathmymusic.com\/en\/#organization"},"potentialAction":[{"@type":"SearchAction","target":{"@type":"EntryPoint","urlTemplate":"https:\/\/mybreathmymusic.com\/en\/?s={search_term_string}"},"query-input":{"@type":"PropertyValueSpecification","valueRequired":true,"valueName":"search_term_string"}}],"inLanguage":"en-US"},{"@type":"Organization","@id":"https:\/\/mybreathmymusic.com\/en\/#organization","name":"Stichting My Breath My Music","url":"https:\/\/mybreathmymusic.com\/en\/","logo":{"@type":"ImageObject","inLanguage":"en-US","@id":"https:\/\/mybreathmymusic.com\/en\/#\/schema\/logo\/image\/","url":"https:\/\/mybreathmymusic.com\/wp-content\/uploads\/2016\/04\/logo_mbmm.gif","contentUrl":"https:\/\/mybreathmymusic.com\/wp-content\/uploads\/2016\/04\/logo_mbmm.gif","width":250,"height":84,"caption":"Stichting My Breath My Music"},"image":{"@id":"https:\/\/mybreathmymusic.com\/en\/#\/schema\/logo\/image\/"},"sameAs":["https:\/\/www.facebook.com\/MyBreathMyMusic\/"]}]}},"_links":{"self":[{"href":"https:\/\/mybreathmymusic.com\/en\/wp-json\/wp\/v2\/pages\/255","targetHints":{"allow":["GET"]}}],"collection":[{"href":"https:\/\/mybreathmymusic.com\/en\/wp-json\/wp\/v2\/pages"}],"about":[{"href":"https:\/\/mybreathmymusic.com\/en\/wp-json\/wp\/v2\/types\/page"}],"author":[{"embeddable":true,"href":"https:\/\/mybreathmymusic.com\/en\/wp-json\/wp\/v2\/users\/7"}],"replies":[{"embeddable":true,"href":"https:\/\/mybreathmymusic.com\/en\/wp-json\/wp\/v2\/comments?post=255"}],"version-history":[{"count":0,"href":"https:\/\/mybreathmymusic.com\/en\/wp-json\/wp\/v2\/pages\/255\/revisions"}],"wp:attachment":[{"href":"https:\/\/mybreathmymusic.com\/en\/wp-json\/wp\/v2\/media?parent=255"}],"wp:term":[{"taxonomy":"category","embeddable":true,"href":"https:\/\/mybreathmymusic.com\/en\/wp-json\/wp\/v2\/categories?post=255"},{"taxonomy":"post_tag","embeddable":true,"href":"https:\/\/mybreathmymusic.com\/en\/wp-json\/wp\/v2\/tags?post=255"}],"curies":[{"name":"wp","href":"https:\/\/api.w.org\/{rel}","templated":true}]}}

<p><img loading="lazy" decoding="async" class="alignnone size-full wp-image-151" src="/wp-content/uploads/2016/04/tshirt.gif" alt="tshirt" width="600" height="268" /></p>
<table>
<tbody>
<tr valign="top">
<td>16 t/m 18 Maart</td>
<td><strong>ICT en Zorg, Jaarbeurs Utrecht &#8211; Nederland</strong></td>
</tr>
<tr valign="top">
<td>13 April</td>
<td><strong><a href="http://www.ipon.nl/bezoekers/" target="_blank" rel="noopener">IPON2011 onderwijs in de 21e eeuw</a>, Jaarbeurs Utrecht &#8211; Nederland</strong></td>
</tr>
<tr valign="top">
<td>15 April</td>
<td><strong>Investigate, Participate and Celebrate &#8211; Assistive Technology in Music Education, Cork &#8211; Ierland</strong></td>
</tr>
<tr valign="top">
<td>5 t/m 7 Mei</td>
<td><strong><a href="http://www.reva.be/reva2010/over-reva.asp?lang=nl" target="_blank" rel="noopener">Reva 2011</a>, Gent &#8211; België</strong></td>
</tr>
<tr valign="top">
<td>13 Mei</td>
<td><strong><a href="http://www.popcornerbreda.nl/" target="_blank" rel="noopener">Popcorner Breda</a>, (Caféé Beatrix, NAC stadion) Breda &#8211; Nederland</strong></td>
</tr>
<tr valign="top">
<td>20 Mei</td>
<td><strong><a href="http://www.mytylschoolutrecht.nl/" target="_blank" rel="noopener">Magic Flute spreekuur Mytylschool</a>, Utrecht &#8211; Nederland</strong></td>
</tr>
<tr valign="top">
<td>13 t/m 17 Juni</td>
<td><strong>SKUGCENTRE uit Norwegen bezoekt My Breath My Music</strong></td>
</tr>
<tr valign="top">
<td>20 Juni</td>
<td><strong>Kinderrevalidatieartsen, nascholing &#8211; Hilversum</strong></td>
</tr>
<tr valign="top">
<td>20 Juni</td>
<td><strong>Kinderrevalidatieartsenscholing, Hilversum &#8211; Nederland</strong></td>
</tr>
<tr valign="top">
<td>21 Juni</td>
<td><strong><a href="http://www.rijndam.nl/" target="_blank" rel="noopener">workshop Rijndam Revalidatiecentrum</a>, Rotterdam &#8211; Nederland</strong></td>
</tr>
<tr valign="top">
<td>27 Augustus</td>
<td><strong><a href="http://www.tros.nl/tros-tips/cappies/" target="_blank" rel="noopener">TV uitzending Cappies award 2011</a>, Bloemendaal &#8211; Nederland</strong></td>
</tr>
<tr valign="top">
<td>4 September</td>
<td><strong><a href="http://www.sailwise.nl/" target="_blank" rel="noopener">Sailwise VSN zeilweekend</a>, Oud Loosdrecht &#8211; Nederland</strong></td>
</tr>
<tr valign="top">
<td>13 September</td>
<td><strong><a href="http://www.gemiva-svg.nl/" target="_blank" rel="noopener">Magic Flute spreekuur Activiteitencentrum</a>, Spijkenisse &#8211; Nederland</strong></td>
</tr>
<tr valign="top">
<td>21 t/m 24 September</td>
<td><strong><a href="http://www.rehacare.com/" target="_blank" rel="noopener">Rehacare Beurs</a>, Düsseldorf &#8211; Duitsland</strong></td>
</tr>
<tr valign="top">
<td>30 September</td>
<td><strong><a href="http://www.adelante-zorggroep.nl/" target="_blank" rel="noopener">Magic Flute spreekuur Adelante</a>, Valkenburg a/d Geul &#8211; Nederland</strong></td>
</tr>
<tr valign="top">
<td>15 November</td>
<td><strong><a href="http://heliomareonderwijs.heliomare.nl/" target="_blank" rel="noopener">symposium &#8216;Leve(n)de muziek&#8217;</a>, Wijk aan Zee &#8211; Nederland</strong></td>
</tr>
<tr valign="top">
<td>17 November</td>
<td><strong><a href="http://www.mytylschoolutrecht.nl/" target="_blank" rel="noopener">Mytylschool informatiemarkt</a>, Blauwe Vogelweg 11 Utrecht &#8211; Nederland</strong></td>
</tr>
<tr valign="top">
<td>29 November</td>
<td><strong><a href="http://www.destentor.nl/regio/zwolle/9972465/Drummen-en-saxofoon-spelen-met-de-mond.ece?fb_xd_fragment" target="_blank" rel="noopener">diverse muziekworkshop voor kinderen en behandelaren</a>, Vogellanden Zwolle &#8211; Nederland</strong></td>
</tr>
</tbody>
</table>
<p></p>

<p>16 t/m 18 Maart ICT en Zorg, Jaarbeurs Utrecht &#8211; Nederland 13 April IPON2011 onderwijs in de 21e eeuw, Jaarbeurs Utrecht &#8211; Nederland 15 April Investigate, Participate and Celebrate &#8211; Assistive Technology in Music Education, Cork &#8211; Ierland 5 t/m 7 Mei Reva 2011, Gent &#8211; België 13 Mei Popcorner Breda, (Caféé Beatrix, NAC stadion) [&hellip;]</p>

<!-- This site is optimized with the Yoast SEO plugin v26.5 - https://yoast.com/wordpress/plugins/seo/ -->
<title>tour-2011 | My Breath My Music</title>
<meta name="robots" content="index, follow, max-snippet:-1, max-image-preview:large, max-video-preview:-1" />
<link rel="canonical" href="https://mybreathmymusic.com/en/tour-2011" />
<meta property="og:locale" content="en_US" />
<meta property="og:type" content="article" />
<meta property="og:title" content="tour-2011 | My Breath My Music" />
<meta property="og:description" content="16 t/m 18 Maart ICT en Zorg, Jaarbeurs Utrecht &#8211; Nederland 13 April IPON2011 onderwijs in de 21e eeuw, Jaarbeurs Utrecht &#8211; Nederland 15 April Investigate, Participate and Celebrate &#8211; Assistive Technology in Music Education, Cork &#8211; Ierland 5 t/m 7 Mei Reva 2011, Gent &#8211; België 13 Mei Popcorner Breda, (Caféé Beatrix, NAC stadion) [&hellip;]" />
<meta property="og:url" content="https://mybreathmymusic.com/en/tour-2011" />
<meta property="og:site_name" content="My Breath My Music" />
<meta property="article:publisher" content="https://www.facebook.com/MyBreathMyMusic/" />
<meta property="article:modified_time" content="2021-03-29T19:56:15+00:00" />
<meta property="og:image" content="https://mybreathmymusic.com/wp-content/uploads/2016/04/tshirt.gif" />
<meta name="twitter:card" content="summary_large_image" />
<meta name="twitter:label1" content="Est. reading time" />
	<meta name="twitter:data1" content="2 minutes" />
<script type="application/ld+json" class="yoast-schema-graph">{"@context":"https://schema.org","@graph":[{"@type":"WebPage","@id":"https://mybreathmymusic.com/en/tour-2011","url":"https://mybreathmymusic.com/en/tour-2011","name":"tour-2011 | My Breath My Music","isPartOf":{"@id":"https://mybreathmymusic.com/en/#website"},"datePublished":"2016-05-23T08:02:07+00:00","dateModified":"2021-03-29T19:56:15+00:00","breadcrumb":{"@id":"https://mybreathmymusic.com/en/tour-2011#breadcrumb"},"inLanguage":"en-US","potentialAction":[{"@type":"ReadAction","target":["https://mybreathmymusic.com/en/tour-2011"]}]},{"@type":"BreadcrumbList","@id":"https://mybreathmymusic.com/en/tour-2011#breadcrumb","itemListElement":[{"@type":"ListItem","position":1,"name":"Home","item":"https://mybreathmymusic.com/"},{"@type":"ListItem","position":2,"name":"tour-2011"}]},{"@type":"WebSite","@id":"https://mybreathmymusic.com/en/#website","url":"https://mybreathmymusic.com/en/","name":"My Breath My Music -*- Stichting","description":"Muziekinstrumenten voor kinderen met een beperking","publisher":{"@id":"https://mybreathmymusic.com/en/#organization"},"potentialAction":[{"@type":"SearchAction","target":{"@type":"EntryPoint","urlTemplate":"https://mybreathmymusic.com/en/?s={search_term_string}"},"query-input":{"@type":"PropertyValueSpecification","valueRequired":true,"valueName":"search_term_string"}}],"inLanguage":"en-US"},{"@type":"Organization","@id":"https://mybreathmymusic.com/en/#organization","name":"Stichting My Breath My Music","url":"https://mybreathmymusic.com/en/","logo":{"@type":"ImageObject","inLanguage":"en-US","@id":"https://mybreathmymusic.com/en/#/schema/logo/image/","url":"https://mybreathmymusic.com/wp-content/uploads/2016/04/logo_mbmm.gif","contentUrl":"https://mybreathmymusic.com/wp-content/uploads/2016/04/logo_mbmm.gif","width":250,"height":84,"caption":"Stichting My Breath My Music"},"image":{"@id":"https://mybreathmymusic.com/en/#/schema/logo/image/"},"sameAs":["https://www.facebook.com/MyBreathMyMusic/"]}]}</script>
<!-- / Yoast SEO plugin. -->

16 t/m 18 Maart ICT en Zorg, Jaarbeurs Utrecht &#8211; Nederland 13 April IPON2011 onderwijs in de 21e eeuw, Jaarbeurs Utrecht &#8211; Nederland 15 April Investigate, Participate and Celebrate &#8211; Assistive Technology in Music Education, Cork &#8211; Ierland 5 t/m 7 Mei Reva 2011, Gent &#8211; België 13 Mei Popcorner Breda, (Caféé Beatrix, NAC stadion) [&hellip;]
