{"id":481,"date":"2016-11-27T09:42:56","date_gmt":"2016-11-27T08:42:56","guid":{"rendered":"http:\/\/mybreathmymusic.com\/?page_id=481"},"modified":"2025-11-02T15:46:20","modified_gmt":"2025-11-02T14:46:20","slug":"het-uitleenprogramma","status":"publish","type":"page","link":"https:\/\/mybreathmymusic.com\/de\/het-uitleenprogramma","title":{"rendered":"Das leih Programm"},"content":{"rendered":"<p>Kinder aus unserer Zielgruppe haben die M\u00f6glichkeit, sich ein Instrument zu leihen.<br \/>\nUnser Grundsatz ist es, niemanden auszuschlie\u00dfen. Sie hinterlegen nur einen kleinen Betrag als Pfand.<br \/>\n<strong>Momentan k\u00f6nnen wir uns leider nur auf die Niederlande konzentrieren,<\/strong> da uns nur wenige Instrumente zur Verf\u00fcgung stehen.<br \/>\nWir arbeiten mit einer Warteliste.<br \/>\nF\u00fcr die Zukunft hoffen wir, dass wir mit einer Vergr\u00f6\u00dferung unserer Stiftung Kindern in aller Welt helfen k\u00f6nnen.Kinder aus unserer Zielgruppe haben die M\u00f6glichkeit, sich ein Instrument zu leihen.<br \/>\nUnser Grundsatz ist es, niemanden auszuschlie\u00dfen. Sie hinterlegen nur einen kleinen Betrag als Pfand.<br \/>\n<strong>Momentan k\u00f6nnen wir uns leider nur auf die Niederlande konzentrieren,<\/strong> da uns nur wenige Instrumente zur Verf\u00fcgung stehen.<br \/>\nWir arbeiten mit einer Warteliste.<br \/>\nF\u00fcr die Zukunft hoffen wir, dass wir mit einer Vergr\u00f6\u00dferung unserer Stiftung Kindern in aller Welt helfen k\u00f6nnen.<\/p>","protected":false},"excerpt":{"rendered":"<p>Kinder aus unserer Zielgruppe haben die M\u00f6glichkeit, sich ein Instrument zu leihen. Unser Grundsatz ist es, niemanden auszuschlie\u00dfen. Sie hinterlegen nur einen kleinen Betrag als Pfand. Momentan k\u00f6nnen wir uns leider nur auf die Niederlande konzentrieren, da uns nur wenige Instrumente zur Verf\u00fcgung stehen. Wir arbeiten mit einer Warteliste. F\u00fcr die Zukunft hoffen wir, dass [&hellip;]<\/p>\n","protected":false},"author":4,"featured_media":0,"parent":0,"menu_order":0,"comment_status":"closed","ping_status":"closed","template":"","meta":{"_exactmetrics_skip_tracking":false,"_exactmetrics_sitenote_active":false,"_exactmetrics_sitenote_note":"","_exactmetrics_sitenote_category":0,"footnotes":""},"categories":[],"tags":[],"class_list":["post-481","page","type-page","status-publish","hentry"],"yoast_head":"<!-- This site is optimized with the Yoast SEO plugin v26.5 - https:\/\/yoast.com\/wordpress\/plugins\/seo\/ -->\n<title>Das leih Programm | My Breath My Music<\/title>\n<meta name=\"description\" content=\"Bij ons kunt u aangepaste muziekinstrumenten lenen, die speelbaar zijn voor mensen met (zeer) beperkte lichamelijke mogelijkheden. Wij geven gratis advies over welk instrument bij u past. Voor het lenen hiervan, vragen wij een minimale bijdrage van \u20ac 75,- (tot 26 jaar)\/\u20ac 125,- p.j.\" \/>\n<meta name=\"robots\" content=\"index, follow, max-snippet:-1, max-image-preview:large, max-video-preview:-1\" \/>\n<link rel=\"canonical\" href=\"https:\/\/mybreathmymusic.com\/de\/het-uitleenprogramma\" \/>\n<meta property=\"og:locale\" content=\"de_DE\" \/>\n<meta property=\"og:type\" content=\"article\" \/>\n<meta property=\"og:title\" content=\"Das leih Programm | My Breath My Music\" \/>\n<meta property=\"og:description\" content=\"Bij ons kunt u aangepaste muziekinstrumenten lenen, die speelbaar zijn voor mensen met (zeer) beperkte lichamelijke mogelijkheden. Wij geven gratis advies over welk instrument bij u past. Voor het lenen hiervan, vragen wij een minimale bijdrage van \u20ac 75,- (tot 26 jaar)\/\u20ac 125,- p.j.\" \/>\n<meta property=\"og:url\" content=\"https:\/\/mybreathmymusic.com\/het-uitleenprogramma\" \/>\n<meta property=\"og:site_name\" content=\"My Breath My Music\" \/>\n<meta property=\"article:publisher\" content=\"https:\/\/www.facebook.com\/MyBreathMyMusic\/\" \/>\n<meta property=\"article:modified_time\" content=\"2025-11-02T14:46:20+00:00\" \/>\n<meta property=\"og:image\" content=\"https:\/\/mybreathmymusic.com\/wp-content\/uploads\/2022\/01\/muziek-6-001.jpg\" \/>\n\t<meta property=\"og:image:width\" content=\"1200\" \/>\n\t<meta property=\"og:image:height\" content=\"678\" \/>\n\t<meta property=\"og:image:type\" content=\"image\/jpeg\" \/>\n<meta name=\"twitter:card\" content=\"summary_large_image\" \/>\n<meta name=\"twitter:label1\" content=\"Gesch\u00e4tzte Lesezeit\" \/>\n\t<meta name=\"twitter:data1\" content=\"6\u00a0Minuten\" \/>\n<script type=\"application\/ld+json\" class=\"yoast-schema-graph\">{\"@context\":\"https:\/\/schema.org\",\"@graph\":[{\"@type\":\"WebPage\",\"@id\":\"https:\/\/mybreathmymusic.com\/het-uitleenprogramma\",\"url\":\"https:\/\/mybreathmymusic.com\/het-uitleenprogramma\",\"name\":\"Das leih Programm | My Breath My Music\",\"isPartOf\":{\"@id\":\"https:\/\/mybreathmymusic.com\/en\/#website\"},\"primaryImageOfPage\":{\"@id\":\"https:\/\/mybreathmymusic.com\/het-uitleenprogramma#primaryimage\"},\"image\":{\"@id\":\"https:\/\/mybreathmymusic.com\/het-uitleenprogramma#primaryimage\"},\"thumbnailUrl\":\"https:\/\/mybreathmymusic.com\/wp-content\/uploads\/2022\/01\/muziek-6-001-1024x579.jpg\",\"datePublished\":\"2016-11-27T08:42:56+00:00\",\"dateModified\":\"2025-11-02T14:46:20+00:00\",\"description\":\"Bij ons kunt u aangepaste muziekinstrumenten lenen, die speelbaar zijn voor mensen met (zeer) beperkte lichamelijke mogelijkheden. Wij geven gratis advies over welk instrument bij u past. Voor het lenen hiervan, vragen wij een minimale bijdrage van \u20ac 75,- (tot 26 jaar)\/\u20ac 125,- p.j.\",\"breadcrumb\":{\"@id\":\"https:\/\/mybreathmymusic.com\/het-uitleenprogramma#breadcrumb\"},\"inLanguage\":\"de\",\"potentialAction\":[{\"@type\":\"ReadAction\",\"target\":[\"https:\/\/mybreathmymusic.com\/het-uitleenprogramma\"]}]},{\"@type\":\"ImageObject\",\"inLanguage\":\"de\",\"@id\":\"https:\/\/mybreathmymusic.com\/het-uitleenprogramma#primaryimage\",\"url\":\"https:\/\/mybreathmymusic.com\/wp-content\/uploads\/2022\/01\/muziek-6-001-1024x579.jpg\",\"contentUrl\":\"https:\/\/mybreathmymusic.com\/wp-content\/uploads\/2022\/01\/muziek-6-001-1024x579.jpg\"},{\"@type\":\"BreadcrumbList\",\"@id\":\"https:\/\/mybreathmymusic.com\/het-uitleenprogramma#breadcrumb\",\"itemListElement\":[{\"@type\":\"ListItem\",\"position\":1,\"name\":\"Home\",\"item\":\"https:\/\/mybreathmymusic.com\/\"},{\"@type\":\"ListItem\",\"position\":2,\"name\":\"Het uitleenprogramma\"}]},{\"@type\":\"WebSite\",\"@id\":\"https:\/\/mybreathmymusic.com\/en\/#website\",\"url\":\"https:\/\/mybreathmymusic.com\/en\/\",\"name\":\"My Breath My Music -*- Stichting\",\"description\":\"Muziekinstrumenten voor kinderen met een beperking\",\"publisher\":{\"@id\":\"https:\/\/mybreathmymusic.com\/en\/#organization\"},\"potentialAction\":[{\"@type\":\"SearchAction\",\"target\":{\"@type\":\"EntryPoint\",\"urlTemplate\":\"https:\/\/mybreathmymusic.com\/en\/?s={search_term_string}\"},\"query-input\":{\"@type\":\"PropertyValueSpecification\",\"valueRequired\":true,\"valueName\":\"search_term_string\"}}],\"inLanguage\":\"de\"},{\"@type\":\"Organization\",\"@id\":\"https:\/\/mybreathmymusic.com\/en\/#organization\",\"name\":\"Stichting My Breath My Music\",\"url\":\"https:\/\/mybreathmymusic.com\/en\/\",\"logo\":{\"@type\":\"ImageObject\",\"inLanguage\":\"de\",\"@id\":\"https:\/\/mybreathmymusic.com\/en\/#\/schema\/logo\/image\/\",\"url\":\"https:\/\/mybreathmymusic.com\/wp-content\/uploads\/2016\/04\/logo_mbmm.gif\",\"contentUrl\":\"https:\/\/mybreathmymusic.com\/wp-content\/uploads\/2016\/04\/logo_mbmm.gif\",\"width\":250,\"height\":84,\"caption\":\"Stichting My Breath My Music\"},\"image\":{\"@id\":\"https:\/\/mybreathmymusic.com\/en\/#\/schema\/logo\/image\/\"},\"sameAs\":[\"https:\/\/www.facebook.com\/MyBreathMyMusic\/\"]}]}<\/script>\n<!-- \/ Yoast SEO plugin. -->","yoast_head_json":{"title":"Das leih Programm | My Breath My Music","description":"Bij ons kunt u aangepaste muziekinstrumenten lenen, die speelbaar zijn voor mensen met (zeer) beperkte lichamelijke mogelijkheden. Wij geven gratis advies over welk instrument bij u past. Voor het lenen hiervan, vragen wij een minimale bijdrage van \u20ac 75,- (tot 26 jaar)\/\u20ac 125,- p.j.","robots":{"index":"index","follow":"follow","max-snippet":"max-snippet:-1","max-image-preview":"max-image-preview:large","max-video-preview":"max-video-preview:-1"},"canonical":"https:\/\/mybreathmymusic.com\/de\/het-uitleenprogramma","og_locale":"de_DE","og_type":"article","og_title":"Das leih Programm | My Breath My Music","og_description":"Bij ons kunt u aangepaste muziekinstrumenten lenen, die speelbaar zijn voor mensen met (zeer) beperkte lichamelijke mogelijkheden. Wij geven gratis advies over welk instrument bij u past. Voor het lenen hiervan, vragen wij een minimale bijdrage van \u20ac 75,- (tot 26 jaar)\/\u20ac 125,- p.j.","og_url":"https:\/\/mybreathmymusic.com\/het-uitleenprogramma","og_site_name":"My Breath My Music","article_publisher":"https:\/\/www.facebook.com\/MyBreathMyMusic\/","article_modified_time":"2025-11-02T14:46:20+00:00","og_image":[{"width":1200,"height":678,"url":"https:\/\/mybreathmymusic.com\/wp-content\/uploads\/2022\/01\/muziek-6-001.jpg","type":"image\/jpeg"}],"twitter_card":"summary_large_image","twitter_misc":{"Gesch\u00e4tzte Lesezeit":"6\u00a0Minuten"},"schema":{"@context":"https:\/\/schema.org","@graph":[{"@type":"WebPage","@id":"https:\/\/mybreathmymusic.com\/het-uitleenprogramma","url":"https:\/\/mybreathmymusic.com\/het-uitleenprogramma","name":"Das leih Programm | My Breath My Music","isPartOf":{"@id":"https:\/\/mybreathmymusic.com\/en\/#website"},"primaryImageOfPage":{"@id":"https:\/\/mybreathmymusic.com\/het-uitleenprogramma#primaryimage"},"image":{"@id":"https:\/\/mybreathmymusic.com\/het-uitleenprogramma#primaryimage"},"thumbnailUrl":"https:\/\/mybreathmymusic.com\/wp-content\/uploads\/2022\/01\/muziek-6-001-1024x579.jpg","datePublished":"2016-11-27T08:42:56+00:00","dateModified":"2025-11-02T14:46:20+00:00","description":"Bij ons kunt u aangepaste muziekinstrumenten lenen, die speelbaar zijn voor mensen met (zeer) beperkte lichamelijke mogelijkheden. Wij geven gratis advies over welk instrument bij u past. Voor het lenen hiervan, vragen wij een minimale bijdrage van \u20ac 75,- (tot 26 jaar)\/\u20ac 125,- p.j.","breadcrumb":{"@id":"https:\/\/mybreathmymusic.com\/het-uitleenprogramma#breadcrumb"},"inLanguage":"de","potentialAction":[{"@type":"ReadAction","target":["https:\/\/mybreathmymusic.com\/het-uitleenprogramma"]}]},{"@type":"ImageObject","inLanguage":"de","@id":"https:\/\/mybreathmymusic.com\/het-uitleenprogramma#primaryimage","url":"https:\/\/mybreathmymusic.com\/wp-content\/uploads\/2022\/01\/muziek-6-001-1024x579.jpg","contentUrl":"https:\/\/mybreathmymusic.com\/wp-content\/uploads\/2022\/01\/muziek-6-001-1024x579.jpg"},{"@type":"BreadcrumbList","@id":"https:\/\/mybreathmymusic.com\/het-uitleenprogramma#breadcrumb","itemListElement":[{"@type":"ListItem","position":1,"name":"Home","item":"https:\/\/mybreathmymusic.com\/"},{"@type":"ListItem","position":2,"name":"Het uitleenprogramma"}]},{"@type":"WebSite","@id":"https:\/\/mybreathmymusic.com\/en\/#website","url":"https:\/\/mybreathmymusic.com\/en\/","name":"My Breath My Music -*- Stichting","description":"Muziekinstrumenten voor kinderen met een beperking","publisher":{"@id":"https:\/\/mybreathmymusic.com\/en\/#organization"},"potentialAction":[{"@type":"SearchAction","target":{"@type":"EntryPoint","urlTemplate":"https:\/\/mybreathmymusic.com\/en\/?s={search_term_string}"},"query-input":{"@type":"PropertyValueSpecification","valueRequired":true,"valueName":"search_term_string"}}],"inLanguage":"de"},{"@type":"Organization","@id":"https:\/\/mybreathmymusic.com\/en\/#organization","name":"Stichting My Breath My Music","url":"https:\/\/mybreathmymusic.com\/en\/","logo":{"@type":"ImageObject","inLanguage":"de","@id":"https:\/\/mybreathmymusic.com\/en\/#\/schema\/logo\/image\/","url":"https:\/\/mybreathmymusic.com\/wp-content\/uploads\/2016\/04\/logo_mbmm.gif","contentUrl":"https:\/\/mybreathmymusic.com\/wp-content\/uploads\/2016\/04\/logo_mbmm.gif","width":250,"height":84,"caption":"Stichting My Breath My Music"},"image":{"@id":"https:\/\/mybreathmymusic.com\/en\/#\/schema\/logo\/image\/"},"sameAs":["https:\/\/www.facebook.com\/MyBreathMyMusic\/"]}]}},"_links":{"self":[{"href":"https:\/\/mybreathmymusic.com\/de\/wp-json\/wp\/v2\/pages\/481","targetHints":{"allow":["GET"]}}],"collection":[{"href":"https:\/\/mybreathmymusic.com\/de\/wp-json\/wp\/v2\/pages"}],"about":[{"href":"https:\/\/mybreathmymusic.com\/de\/wp-json\/wp\/v2\/types\/page"}],"author":[{"embeddable":true,"href":"https:\/\/mybreathmymusic.com\/de\/wp-json\/wp\/v2\/users\/4"}],"replies":[{"embeddable":true,"href":"https:\/\/mybreathmymusic.com\/de\/wp-json\/wp\/v2\/comments?post=481"}],"version-history":[{"count":32,"href":"https:\/\/mybreathmymusic.com\/de\/wp-json\/wp\/v2\/pages\/481\/revisions"}],"predecessor-version":[{"id":2945,"href":"https:\/\/mybreathmymusic.com\/de\/wp-json\/wp\/v2\/pages\/481\/revisions\/2945"}],"wp:attachment":[{"href":"https:\/\/mybreathmymusic.com\/de\/wp-json\/wp\/v2\/media?parent=481"}],"wp:term":[{"taxonomy":"category","embeddable":true,"href":"https:\/\/mybreathmymusic.com\/de\/wp-json\/wp\/v2\/categories?post=481"},{"taxonomy":"post_tag","embeddable":true,"href":"https:\/\/mybreathmymusic.com\/de\/wp-json\/wp\/v2\/tags?post=481"}],"curies":[{"name":"wp","href":"https:\/\/api.w.org\/{rel}","templated":true}]}}

<p>Kinder aus unserer Zielgruppe haben die Möglichkeit, sich ein Instrument zu leihen.<br />
Unser Grundsatz ist es, niemanden auszuschließen. Sie hinterlegen nur einen kleinen Betrag als Pfand.<br />
<strong>Momentan können wir uns leider nur auf die Niederlande konzentrieren,</strong> da uns nur wenige Instrumente zur Verfügung stehen.<br />
Wir arbeiten mit einer Warteliste.<br />
Für die Zukunft hoffen wir, dass wir mit einer Vergrößerung unserer Stiftung Kindern in aller Welt helfen können.Kinder aus unserer Zielgruppe haben die Möglichkeit, sich ein Instrument zu leihen.<br />
Unser Grundsatz ist es, niemanden auszuschließen. Sie hinterlegen nur einen kleinen Betrag als Pfand.<br />
<strong>Momentan können wir uns leider nur auf die Niederlande konzentrieren,</strong> da uns nur wenige Instrumente zur Verfügung stehen.<br />
Wir arbeiten mit einer Warteliste.<br />
Für die Zukunft hoffen wir, dass wir mit einer Vergrößerung unserer Stiftung Kindern in aller Welt helfen können.</p>

<p>Kinder aus unserer Zielgruppe haben die Möglichkeit, sich ein Instrument zu leihen. Unser Grundsatz ist es, niemanden auszuschließen. Sie hinterlegen nur einen kleinen Betrag als Pfand. Momentan können wir uns leider nur auf die Niederlande konzentrieren, da uns nur wenige Instrumente zur Verfügung stehen. Wir arbeiten mit einer Warteliste. Für die Zukunft hoffen wir, dass [&hellip;]</p>

<!-- This site is optimized with the Yoast SEO plugin v26.5 - https://yoast.com/wordpress/plugins/seo/ -->
<title>Das leih Programm | My Breath My Music</title>
<meta name="description" content="Bij ons kunt u aangepaste muziekinstrumenten lenen, die speelbaar zijn voor mensen met (zeer) beperkte lichamelijke mogelijkheden. Wij geven gratis advies over welk instrument bij u past. Voor het lenen hiervan, vragen wij een minimale bijdrage van € 75,- (tot 26 jaar)/€ 125,- p.j." />
<meta name="robots" content="index, follow, max-snippet:-1, max-image-preview:large, max-video-preview:-1" />
<link rel="canonical" href="https://mybreathmymusic.com/de/het-uitleenprogramma" />
<meta property="og:locale" content="de_DE" />
<meta property="og:type" content="article" />
<meta property="og:title" content="Das leih Programm | My Breath My Music" />
<meta property="og:description" content="Bij ons kunt u aangepaste muziekinstrumenten lenen, die speelbaar zijn voor mensen met (zeer) beperkte lichamelijke mogelijkheden. Wij geven gratis advies over welk instrument bij u past. Voor het lenen hiervan, vragen wij een minimale bijdrage van € 75,- (tot 26 jaar)/€ 125,- p.j." />
<meta property="og:url" content="https://mybreathmymusic.com/het-uitleenprogramma" />
<meta property="og:site_name" content="My Breath My Music" />
<meta property="article:publisher" content="https://www.facebook.com/MyBreathMyMusic/" />
<meta property="article:modified_time" content="2025-11-02T14:46:20+00:00" />
<meta property="og:image" content="https://mybreathmymusic.com/wp-content/uploads/2022/01/muziek-6-001.jpg" />
	<meta property="og:image:width" content="1200" />
	<meta property="og:image:height" content="678" />
	<meta property="og:image:type" content="image/jpeg" />
<meta name="twitter:card" content="summary_large_image" />
<meta name="twitter:label1" content="Geschätzte Lesezeit" />
	<meta name="twitter:data1" content="6 Minuten" />
<script type="application/ld+json" class="yoast-schema-graph">{"@context":"https://schema.org","@graph":[{"@type":"WebPage","@id":"https://mybreathmymusic.com/het-uitleenprogramma","url":"https://mybreathmymusic.com/het-uitleenprogramma","name":"Das leih Programm | My Breath My Music","isPartOf":{"@id":"https://mybreathmymusic.com/en/#website"},"primaryImageOfPage":{"@id":"https://mybreathmymusic.com/het-uitleenprogramma#primaryimage"},"image":{"@id":"https://mybreathmymusic.com/het-uitleenprogramma#primaryimage"},"thumbnailUrl":"https://mybreathmymusic.com/wp-content/uploads/2022/01/muziek-6-001-1024x579.jpg","datePublished":"2016-11-27T08:42:56+00:00","dateModified":"2025-11-02T14:46:20+00:00","description":"Bij ons kunt u aangepaste muziekinstrumenten lenen, die speelbaar zijn voor mensen met (zeer) beperkte lichamelijke mogelijkheden. Wij geven gratis advies over welk instrument bij u past. Voor het lenen hiervan, vragen wij een minimale bijdrage van € 75,- (tot 26 jaar)/€ 125,- p.j.","breadcrumb":{"@id":"https://mybreathmymusic.com/het-uitleenprogramma#breadcrumb"},"inLanguage":"de","potentialAction":[{"@type":"ReadAction","target":["https://mybreathmymusic.com/het-uitleenprogramma"]}]},{"@type":"ImageObject","inLanguage":"de","@id":"https://mybreathmymusic.com/het-uitleenprogramma#primaryimage","url":"https://mybreathmymusic.com/wp-content/uploads/2022/01/muziek-6-001-1024x579.jpg","contentUrl":"https://mybreathmymusic.com/wp-content/uploads/2022/01/muziek-6-001-1024x579.jpg"},{"@type":"BreadcrumbList","@id":"https://mybreathmymusic.com/het-uitleenprogramma#breadcrumb","itemListElement":[{"@type":"ListItem","position":1,"name":"Home","item":"https://mybreathmymusic.com/"},{"@type":"ListItem","position":2,"name":"Het uitleenprogramma"}]},{"@type":"WebSite","@id":"https://mybreathmymusic.com/en/#website","url":"https://mybreathmymusic.com/en/","name":"My Breath My Music -*- Stichting","description":"Muziekinstrumenten voor kinderen met een beperking","publisher":{"@id":"https://mybreathmymusic.com/en/#organization"},"potentialAction":[{"@type":"SearchAction","target":{"@type":"EntryPoint","urlTemplate":"https://mybreathmymusic.com/en/?s={search_term_string}"},"query-input":{"@type":"PropertyValueSpecification","valueRequired":true,"valueName":"search_term_string"}}],"inLanguage":"de"},{"@type":"Organization","@id":"https://mybreathmymusic.com/en/#organization","name":"Stichting My Breath My Music","url":"https://mybreathmymusic.com/en/","logo":{"@type":"ImageObject","inLanguage":"de","@id":"https://mybreathmymusic.com/en/#/schema/logo/image/","url":"https://mybreathmymusic.com/wp-content/uploads/2016/04/logo_mbmm.gif","contentUrl":"https://mybreathmymusic.com/wp-content/uploads/2016/04/logo_mbmm.gif","width":250,"height":84,"caption":"Stichting My Breath My Music"},"image":{"@id":"https://mybreathmymusic.com/en/#/schema/logo/image/"},"sameAs":["https://www.facebook.com/MyBreathMyMusic/"]}]}</script>
<!-- / Yoast SEO plugin. -->
